{"id":104,"date":"2023-06-23T15:24:31","date_gmt":"2023-06-23T13:24:31","guid":{"rendered":"https:\/\/ushbasket.fr\/?page_id=104"},"modified":"2026-05-06T18:59:22","modified_gmt":"2026-05-06T16:59:22","slug":"inscriptions-2023-2024","status":"publish","type":"page","link":"https:\/\/ushbasket.fr\/index.php\/inscriptions-2023-2024\/","title":{"rendered":"Inscriptions 2025-2026"},"content":{"rendered":"\r\n\r\n\r\n\r\n\r\n\r\n\r\n\r\n\r\n<p><strong><u>Vous aviez d\u00e9j\u00e0 une licence cette saison chez nous<\/u><\/strong><\/p>\r\n<p><strong>A\/<\/strong>\u00a0vous \u00eates\u00a0<strong>ADULTE<\/strong>\u00a0cette saison<\/p>\r\n<p>&#8211; \u00a0Vous allez recevoir le lien pour remplir votre demande de licence<\/p>\r\n<p>&#8211; Si le certificat m\u00e9dical a moins de 3 ans\u00a0 \u00a0vous devez juste remplir le questionnaire de sant\u00e9 (dur\u00e9e d\u2019un certificat m\u00e9dical 3 ans)<\/p>\r\n<p>&#8211;\u00a0Vous venez ensuite \u00e0 une permanence pour d\u00e9poser votre dossier contenant<\/p>\r\n<p><em><strong>1\/\u00a0La fiche de renseignement club\u00a0\u00a0\u00a0<\/strong><\/em><\/p>\r\n<p><a href=\"https:\/\/ushbasket.fr\/wp-content\/uploads\/2025\/05\/fiche-d-inscription-2025-2026.pdf\"><img data-recalc-dims=\"1\" decoding=\"async\" class=\"alignnone size-full wp-image-2536\" src=\"https:\/\/i0.wp.com\/ushbasket.fr\/wp-content\/uploads\/2025\/05\/FICHE_INSCRIPTIONS.png?resize=205%2C195&#038;ssl=1\" alt=\"\" width=\"205\" height=\"195\" \/><\/a>\u00a0 \u00a0 \u00a0 \u00a0 \u00a0 \u00a0 \u00a0<\/p>\r\n<p><em><strong>\u00a0<\/strong><\/em><em><strong>2\/ Le r\u00e8glement int\u00e9rieur<\/strong><\/em><\/p>\r\n<p><a href=\"https:\/\/ushbasket.fr\/wp-content\/uploads\/2025\/05\/Reglement-interieur-USH-Basket.pdf\"><img data-recalc-dims=\"1\" decoding=\"async\" class=\"alignnone size-full wp-image-2539\" src=\"https:\/\/i0.wp.com\/ushbasket.fr\/wp-content\/uploads\/2025\/05\/REGLEMENT_INTERIEUR.png?resize=196%2C177&#038;ssl=1\" alt=\"\" width=\"196\" height=\"177\" \/><\/a><\/p>\r\n<p><em><strong>3\/ L&rsquo;attestation du\u00a0 questionnaire sant\u00e9 ou le certificat m\u00e9dical<\/strong><\/em><\/p>\r\n<p>Attention bien cocher\u00a0 \u00ab\u00a0<em><strong>LA PRATIQUE DU BASKET EN COMPETITION \u00ab\u00a0<\/strong><\/em> sur le certificat m\u00e9dical.<\/p>\r\n<p>Cette mention doit \u00eatre pr\u00e9cis\u00e9e sur le certificat m\u00e9dicale de votre docteur si vous n&rsquo;avez pas le document officiel FFBB<\/p>\r\n<p><a href=\"https:\/\/ushbasket.fr\/wp-content\/uploads\/2025\/06\/CERTIFICAT-MEDICAL-2025-2026.pdf\"><img data-recalc-dims=\"1\" decoding=\"async\" class=\"alignnone size-full wp-image-2534\" src=\"https:\/\/i0.wp.com\/ushbasket.fr\/wp-content\/uploads\/2025\/05\/CERTIFICAT_MEDICAL.png?resize=188%2C183&#038;ssl=1\" alt=\"\" width=\"188\" height=\"183\" \/><\/a>\u00a0 \u00a0 \u00a0 \u00a0 <a href=\"https:\/\/ushbasket.fr\/wp-content\/uploads\/2025\/06\/questionnaire-sante-ffbb.pdf\"><img data-recalc-dims=\"1\" loading=\"lazy\" decoding=\"async\" class=\"alignnone  wp-image-2601\" src=\"https:\/\/i0.wp.com\/ushbasket.fr\/wp-content\/uploads\/2025\/06\/qyestionnaire-de-sante.png?resize=242%2C209&#038;ssl=1\" alt=\"\" width=\"242\" height=\"209\" \/><\/a> <a href=\"https:\/\/ushbasket.fr\/wp-content\/uploads\/2025\/06\/ATTESTATION-QUESTIONNAIRE-DE-SANTE-MAJEUR.pdf\"><img data-recalc-dims=\"1\" loading=\"lazy\" decoding=\"async\" class=\"alignnone  wp-image-2599\" src=\"https:\/\/i0.wp.com\/ushbasket.fr\/wp-content\/uploads\/2025\/06\/attestation_majeu.png?resize=216%2C191&#038;ssl=1\" alt=\"\" width=\"216\" height=\"191\" \/><\/a><\/p>\r\n<p><em><strong>\u00a0<\/strong><\/em><em><strong>\u00a04\/ Le ch\u00e8que correspondant\u00a0\u00a0<\/strong><\/em><\/p>\r\n<p><em><strong>\u00a0<\/strong><\/em><\/p>\r\n<p><strong>B\/<\/strong>\u00a0Vous \u00eates\u00a0<strong>MINEUR\u00a0\u00a0<\/strong><\/p>\r\n<p><a href=\"https:\/\/ushbasket.fr\/wp-content\/uploads\/2025\/06\/questionnaire-sante-ffbb.pdf\"><img data-recalc-dims=\"1\" loading=\"lazy\" decoding=\"async\" class=\"alignnone  wp-image-2601\" src=\"https:\/\/i0.wp.com\/ushbasket.fr\/wp-content\/uploads\/2025\/06\/qyestionnaire-de-sante.png?resize=240%2C208&#038;ssl=1\" alt=\"\" width=\"240\" height=\"208\" \/><\/a> <a href=\"https:\/\/ushbasket.fr\/wp-content\/uploads\/2025\/06\/ATTESTATION-QUESTIONNAIRE-DE-SANTE-MINEUR.pdf\"><img data-recalc-dims=\"1\" loading=\"lazy\" decoding=\"async\" class=\"alignnone  wp-image-2600\" src=\"https:\/\/i0.wp.com\/ushbasket.fr\/wp-content\/uploads\/2025\/06\/attestation_mineur.png?resize=213%2C204&#038;ssl=1\" alt=\"\" width=\"213\" height=\"204\" \/><\/a><\/p>\r\n<p>Idem que pour adulte sauf qu\u2019il n\u2019y a plus besoin de certificat m\u00e9dical, seulement\u00a0 <strong><em>L&rsquo;attestation du\u00a0 questionnaire sant\u00e9<\/em><\/strong><\/p>\r\n<p>&nbsp;<\/p>\r\n<p><strong>C\/<\/strong>\u00a0Vous\u00a0<strong>MUTEZ<\/strong>\u00a0chez nous<\/p>\r\n<p>Idem\u00a0<strong>ADULTE\u00a0<\/strong>mais en plus nous fournir une photo et la photocopie de votre carte d\u2019identit\u00e9.\u00a0 La mutation est gratuite pour les joueurs U07 \u00e0 U13, mais payante \u00e0 partir de U14 jusqu\u2019\u00e0 seniors Le cout est de\u00a0<strong>60\u20ac<\/strong>\u00a0montant que nous facture le comit\u00e9<\/p>\r\n<p>&nbsp;<\/p>\r\n<p><strong>D\/Vous \u00eates un NOUVEAU JOUEUR<\/strong><\/p>\r\n<p>Passez aux permanences pour retirer un dossier complet (que vous pouvez t\u00e9l\u00e9charger sur notre site internet) ensuite idem autres licenci\u00e9s.<\/p>\r\n<p><strong>C\/ Certificat m\u00e9dical pour un surclassement<\/strong><\/p>\r\n<p><a href=\"https:\/\/ushbasket.fr\/wp-content\/uploads\/2025\/06\/SURCLASSEMENT-DEPARTEMENTAL-2025-2026.pdf\"><img data-recalc-dims=\"1\" loading=\"lazy\" decoding=\"async\" class=\"alignnone size-full wp-image-2612\" src=\"https:\/\/i0.wp.com\/ushbasket.fr\/wp-content\/uploads\/2025\/06\/SURCLASSEMENT.png?resize=206%2C185&#038;ssl=1\" alt=\"\" width=\"206\" height=\"185\" \/><\/a><\/p>\r\n<p><em><strong>ATTENTION, la photo doit \u00eatre au m\u00eame format qu\u2019une photo de carte d\u2019identit\u00e9, \u00e0 savoir, sans d\u00e9cor, et seulement le visage. N\u2019h\u00e9sitez pas \u00e0 la changer et a l\u2019actualiser lors de votre inscription en ligne<\/strong><\/em><\/p>\r\n<p>&nbsp;<\/p>\r\n<p>\u00a0 \u00a0 <a href=\"https:\/\/ushbasket.fr\/wp-content\/uploads\/2025\/08\/PERMANENCES-2025.pdf\"><img data-recalc-dims=\"1\" loading=\"lazy\" decoding=\"async\" class=\"alignnone wp-image-2535 size-full\" src=\"https:\/\/i0.wp.com\/ushbasket.fr\/wp-content\/uploads\/2025\/05\/DATES_INSCRITIONS.png?resize=214%2C198&#038;ssl=1\" alt=\"\" width=\"214\" height=\"198\" \/><\/a>\u00a0 \u00a0 \u00a0 \u00a0 \u00a0 \u00a0 \u00a0 <a href=\"https:\/\/ushbasket.fr\/wp-content\/uploads\/2023\/06\/tuto-licence.pdf\"><img data-recalc-dims=\"1\" loading=\"lazy\" decoding=\"async\" class=\"alignnone size-full wp-image-2540\" src=\"https:\/\/i0.wp.com\/ushbasket.fr\/wp-content\/uploads\/2025\/05\/TUTO_LICENCE.png?resize=200%2C186&#038;ssl=1\" alt=\"\" width=\"200\" height=\"186\" \/><\/a>\u00a0 \u00a0 \u00a0\u00a0<img data-recalc-dims=\"1\" loading=\"lazy\" decoding=\"async\" class=\"alignnone  wp-image-2470\" src=\"https:\/\/i0.wp.com\/ushbasket.fr\/wp-content\/uploads\/2025\/05\/idendite.jpg?resize=329%2C240&#038;ssl=1\" alt=\"\" width=\"329\" height=\"240\" \/><\/p>\r\n<p>&nbsp;<\/p>\r\n<p>&nbsp;<\/p>\r\n<!-- \/wp:post-content -->\r\n<p>&nbsp;<\/p>","protected":false},"excerpt":{"rendered":"<p>&nbsp;<\/p>\n","protected":false},"author":1,"featured_media":0,"parent":0,"menu_order":0,"comment_status":"closed","ping_status":"closed","template":"","meta":{"_themeisle_gutenberg_block_has_review":false,"footnotes":""},"class_list":["post-104","page","type-page","status-publish","hentry"],"jetpack_sharing_enabled":true,"_links":{"self":[{"href":"https:\/\/ushbasket.fr\/index.php\/wp-json\/wp\/v2\/pages\/104","targetHints":{"allow":["GET"]}}],"collection":[{"href":"https:\/\/ushbasket.fr\/index.php\/wp-json\/wp\/v2\/pages"}],"about":[{"href":"https:\/\/ushbasket.fr\/index.php\/wp-json\/wp\/v2\/types\/page"}],"author":[{"embeddable":true,"href":"https:\/\/ushbasket.fr\/index.php\/wp-json\/wp\/v2\/users\/1"}],"replies":[{"embeddable":true,"href":"https:\/\/ushbasket.fr\/index.php\/wp-json\/wp\/v2\/comments?post=104"}],"version-history":[{"count":79,"href":"https:\/\/ushbasket.fr\/index.php\/wp-json\/wp\/v2\/pages\/104\/revisions"}],"predecessor-version":[{"id":3325,"href":"https:\/\/ushbasket.fr\/index.php\/wp-json\/wp\/v2\/pages\/104\/revisions\/3325"}],"wp:attachment":[{"href":"https:\/\/ushbasket.fr\/index.php\/wp-json\/wp\/v2\/media?parent=104"}],"curies":[{"name":"wp","href":"https:\/\/api.w.org\/{rel}","templated":true}]}}