{"id":435,"date":"2023-08-28T15:44:39","date_gmt":"2023-08-28T13:44:39","guid":{"rendered":"https:\/\/ushbasket.fr\/?page_id=435"},"modified":"2023-08-28T16:17:14","modified_gmt":"2023-08-28T14:17:14","slug":"le-projet","status":"publish","type":"page","link":"https:\/\/ushbasket.fr\/index.php\/le-projet\/","title":{"rendered":"Le projet"},"content":{"rendered":"\n\n\n\n<strong>L\u2019USH Basket a d\u00e9fini un projet associatif qui retranscrit les principaux axes de son d\u00e9veloppement actuel et futur. En ayant la volont\u00e9 de f\u00e9d\u00e9rer\u00a0dirigeants, encadrants, b\u00e9n\u00e9voles, arbitres et joueurs autour de la pratique du basket en loisirs et en comp\u00e9tition, notre club a vocation \u00e0 grandir sur le plan sportif tout en v\u00e9hiculant des valeurs fortes centr\u00e9es sur le respect, la convivialit\u00e9 et le partage.<\/strong>\n\n\n\n\n\n\n\n\n\nQui sommes-nous ?\n\n\n\nL\u2019Union Sportive de l\u2019Horme Basket (USH BASKET) existe depuis 1942 et s\u2019appr\u00eate \u00e0 f\u00eater ses 80 ans d\u2019existence.\n\n\n\nDepuis son origine et au fil des d\u00e9cennies, l\u2019USH BASKET est ancr\u00e9e dans le territoire de la Vall\u00e9e du Gier et plus particuli\u00e8rement dans la ville de L\u2019Horme dont l\u2019histoire industrielle repose, entre autres, sur les forges. Notre club rayonne sportivement au niveau d\u00e9partemental voire r\u00e9gional.\n\n\n\nIl a vocation \u00e0 accueillir tous les jeunes sportifs d\u00e9butants et aguerris \u00e0 la pratique du basket d\u00e8s l\u2019\u00e2ge de 4 ans (babys) en passant par les cat\u00e9gories jeunes (U9 jusqu\u2019\u00e0 U20) jusqu\u2019aux \u00e9quipes S\u00e9niors (comp\u00e9tition et loisirs).\n\n\n\nComptant pr\u00e8s de 180 licenci\u00e9s en moyenne ces derni\u00e8res saisons, l\u2019USH BASKET demeure un club familial.\n\n\n\n\n\n","protected":false},"excerpt":{"rendered":"","protected":false},"author":1,"featured_media":0,"parent":0,"menu_order":0,"comment_status":"closed","ping_status":"closed","template":"full-width","meta":{"_themeisle_gutenberg_block_has_review":false,"footnotes":""},"class_list":["post-435","page","type-page","status-publish","hentry"],"jetpack_sharing_enabled":true,"_links":{"self":[{"href":"https:\/\/ushbasket.fr\/index.php\/wp-json\/wp\/v2\/pages\/435","targetHints":{"allow":["GET"]}}],"collection":[{"href":"https:\/\/ushbasket.fr\/index.php\/wp-json\/wp\/v2\/pages"}],"about":[{"href":"https:\/\/ushbasket.fr\/index.php\/wp-json\/wp\/v2\/types\/page"}],"author":[{"embeddable":true,"href":"https:\/\/ushbasket.fr\/index.php\/wp-json\/wp\/v2\/users\/1"}],"replies":[{"embeddable":true,"href":"https:\/\/ushbasket.fr\/index.php\/wp-json\/wp\/v2\/comments?post=435"}],"version-history":[{"count":2,"href":"https:\/\/ushbasket.fr\/index.php\/wp-json\/wp\/v2\/pages\/435\/revisions"}],"predecessor-version":[{"id":450,"href":"https:\/\/ushbasket.fr\/index.php\/wp-json\/wp\/v2\/pages\/435\/revisions\/450"}],"wp:attachment":[{"href":"https:\/\/ushbasket.fr\/index.php\/wp-json\/wp\/v2\/media?parent=435"}],"curies":[{"name":"wp","href":"https:\/\/api.w.org\/{rel}","templated":true}]}}